{"id":17,"date":"2016-07-19T19:19:17","date_gmt":"2016-07-19T17:19:17","guid":{"rendered":"http:\/\/yoga-ausbildung-kinder-jugendliche.de\/?page_id=17"},"modified":"2020-07-20T10:44:44","modified_gmt":"2020-07-20T08:44:44","slug":"team","status":"publish","type":"page","link":"http:\/\/yoga-ausbildung-kinder-jugendliche.de\/?page_id=17","title":{"rendered":"TEAM"},"content":{"rendered":"<p style=\"text-align: left;\"><span style=\"font-size: 16pt; font-family: arial,helvetica,sans-serif;\"><strong>WER WIR SIND<\/strong><\/span><br \/>\n<span style=\"font-family: arial,helvetica,sans-serif;\"> <span style=\"font-size: 12pt;\"> Unser Ausbilderteam besteht aus Frauen, die die Fachausbildung zus\u00e4tzlich zu ihren langj\u00e4hrigen Yogakenntnissen mit Kompetenzen aus anderen T\u00e4tigkeitsfeldern bereichern. Dazu geh\u00f6ren Sozialp\u00e4dagogik, Psychologie, Sportwissenschaft, Bewegungstherapie, Musik. <\/span><span style=\"font-size: 12pt;\">Viele der Ausbilder haben selber Kinder \u2013\u00a0 alle verbindet die Begeisterung f\u00fcr Kinderyoga! <\/span><span style=\"font-size: 12pt;\">Ziel der Fachausbildung ist es, die Freude und Lebenskraft zu vermitteln, die Kinderyoga zu schenken vermag.<\/span><\/span><\/p>\n<table class=\" alignleft\">\n<tbody>\n<tr>\n<td><span style=\"font-size: 12pt; font-family: arial,helvetica,sans-serif;\"><img loading=\"lazy\" class=\"alignnone wp-image-1226 size-thumbnail\" src=\"http:\/\/yoga-ausbildung-kinder-jugendliche.de\/wp-content\/uploads\/2020\/07\/Christine.Kaliner2020_07_11_Meditation_97217-150x150.jpg\" alt=\"\" width=\"150\" height=\"150\" srcset=\"http:\/\/yoga-ausbildung-kinder-jugendliche.de\/wp-content\/uploads\/2020\/07\/Christine.Kaliner2020_07_11_Meditation_97217-150x150.jpg 150w, http:\/\/yoga-ausbildung-kinder-jugendliche.de\/wp-content\/uploads\/2020\/07\/Christine.Kaliner2020_07_11_Meditation_97217-144x144.jpg 144w\" sizes=\"(max-width: 150px) 100vw, 150px\" \/><br \/>\n<a href=\"http:\/\/yoga-ausbildung-kinder-jugendliche.de\/?page_id=317\">Christine Kaliner<\/a><\/span><br \/>\n<span style=\"font-family: arial, helvetica, sans-serif;\">(Leitung der FA)<\/span><\/td>\n<td><span style=\"font-size: 12pt; font-family: arial,helvetica,sans-serif;\"><img loading=\"lazy\" class=\"alignnone wp-image-593 size-thumbnail\" src=\"http:\/\/yoga-ausbildung-kinder-jugendliche.de\/wp-content\/uploads\/2016\/09\/kiyo-portraits-bettina-300x300-150x150.jpg\" alt=\"\" width=\"150\" height=\"150\" srcset=\"http:\/\/yoga-ausbildung-kinder-jugendliche.de\/wp-content\/uploads\/2016\/09\/kiyo-portraits-bettina-300x300-150x150.jpg 150w, http:\/\/yoga-ausbildung-kinder-jugendliche.de\/wp-content\/uploads\/2016\/09\/kiyo-portraits-bettina-300x300.jpg 300w\" sizes=\"(max-width: 150px) 100vw, 150px\" \/><br \/>\n<a href=\"http:\/\/yoga-ausbildung-kinder-jugendliche.de\/?page_id=315\">Bettina Boesch-Gantert<\/a><\/span><\/td>\n<td><img loading=\"lazy\" class=\"alignnone size-thumbnail wp-image-596\" src=\"http:\/\/yoga-ausbildung-kinder-jugendliche.de\/wp-content\/uploads\/2016\/07\/kiyo-portraits-christel-300x300-150x150.jpg\" alt=\"kiyo-portraits-christel-300x300\" width=\"150\" height=\"150\" srcset=\"http:\/\/yoga-ausbildung-kinder-jugendliche.de\/wp-content\/uploads\/2016\/07\/kiyo-portraits-christel-300x300-150x150.jpg 150w, http:\/\/yoga-ausbildung-kinder-jugendliche.de\/wp-content\/uploads\/2016\/07\/kiyo-portraits-christel-300x300.jpg 300w\" sizes=\"(max-width: 150px) 100vw, 150px\" \/><br \/>\n<span style=\"font-size: 12pt; font-family: arial,helvetica,sans-serif;\"><a href=\"http:\/\/yoga-ausbildung-kinder-jugendliche.de\/?page_id=341\">Christel Langlotz<\/a><br \/>\n<\/span><\/td>\n<td><span style=\"font-size: 12pt; font-family: arial,helvetica,sans-serif;\"><img loading=\"lazy\" class=\"alignnone wp-image-602 size-thumbnail\" src=\"http:\/\/yoga-ausbildung-kinder-jugendliche.de\/wp-content\/uploads\/2016\/07\/kiyo-portraits-antje-300x300-150x150.jpg\" alt=\"kiyo-portraits-antje-300x300\" width=\"150\" height=\"150\" srcset=\"http:\/\/yoga-ausbildung-kinder-jugendliche.de\/wp-content\/uploads\/2016\/07\/kiyo-portraits-antje-300x300-150x150.jpg 150w, http:\/\/yoga-ausbildung-kinder-jugendliche.de\/wp-content\/uploads\/2016\/07\/kiyo-portraits-antje-300x300.jpg 300w\" sizes=\"(max-width: 150px) 100vw, 150px\" \/><br \/>\n<a href=\"http:\/\/yoga-ausbildung-kinder-jugendliche.de\/?page_id=281\">Antje Walkenhorst\u00a0<\/a><\/span><\/td>\n<\/tr>\n<\/tbody>\n<\/table>\n","protected":false},"excerpt":{"rendered":"<p>WER WIR SIND Unser Ausbilderteam besteht aus Frauen, die die Fachausbildung zus\u00e4tzlich zu ihren langj\u00e4hrigen Yogakenntnissen mit Kompetenzen aus anderen T\u00e4tigkeitsfeldern bereichern. Dazu geh\u00f6ren Sozialp\u00e4dagogik, Psychologie, Sportwissenschaft, Bewegungstherapie, Musik. Viele der Ausbilder haben selber Kinder \u2013\u00a0 alle verbindet die Begeisterung f\u00fcr Kinderyoga! Ziel der Fachausbildung ist es, die Freude und Lebenskraft zu vermitteln, die Kinderyoga [&hellip;]<\/p>\n","protected":false},"author":1,"featured_media":0,"parent":0,"menu_order":5,"comment_status":"closed","ping_status":"closed","template":"","meta":[],"yoast_head":"<!-- This site is optimized with the Yoast SEO plugin v15.6.2 - https:\/\/yoast.com\/wordpress\/plugins\/seo\/ -->\n<meta name=\"robots\" content=\"index, follow, max-snippet:-1, max-image-preview:large, max-video-preview:-1\" \/>\n<link rel=\"canonical\" href=\"http:\/\/yoga-ausbildung-kinder-jugendliche.de\/?page_id=17\" \/>\n<meta property=\"og:locale\" content=\"de_DE\" \/>\n<meta property=\"og:type\" content=\"article\" \/>\n<meta property=\"og:title\" content=\"TEAM - http:\/\/yoga-ausbildung-kinder-jugendliche.de\" \/>\n<meta property=\"og:description\" content=\"WER WIR SIND Unser Ausbilderteam besteht aus Frauen, die die Fachausbildung zus\u00e4tzlich zu ihren langj\u00e4hrigen Yogakenntnissen mit Kompetenzen aus anderen T\u00e4tigkeitsfeldern bereichern. Dazu geh\u00f6ren Sozialp\u00e4dagogik, Psychologie, Sportwissenschaft, Bewegungstherapie, Musik. Viele der Ausbilder haben selber Kinder \u2013\u00a0 alle verbindet die Begeisterung f\u00fcr Kinderyoga! Ziel der Fachausbildung ist es, die Freude und Lebenskraft zu vermitteln, die Kinderyoga [&hellip;]\" \/>\n<meta property=\"og:url\" content=\"http:\/\/yoga-ausbildung-kinder-jugendliche.de\/?page_id=17\" \/>\n<meta property=\"og:site_name\" content=\"http:\/\/yoga-ausbildung-kinder-jugendliche.de\" \/>\n<meta property=\"article:publisher\" content=\"https:\/\/www.facebook.com\/Fachausbildung-Kinderyoga-LehrerIn-in-3HO-eV-224303660919417\/?fref=ts\" \/>\n<meta property=\"article:modified_time\" content=\"2020-07-20T08:44:44+00:00\" \/>\n<meta property=\"og:image\" content=\"http:\/\/yoga-ausbildung-kinder-jugendliche.de\/wp-content\/uploads\/2020\/07\/Christine.Kaliner2020_07_11_Meditation_97217-150x150.jpg\" \/>\n<meta name=\"twitter:card\" content=\"summary\" \/>\n<script type=\"application\/ld+json\" class=\"yoast-schema-graph\">{\"@context\":\"https:\/\/schema.org\",\"@graph\":[{\"@type\":\"WebSite\",\"@id\":\"http:\/\/yoga-ausbildung-kinder-jugendliche.de\/#website\",\"url\":\"http:\/\/yoga-ausbildung-kinder-jugendliche.de\/\",\"name\":\"http:\/\/yoga-ausbildung-kinder-jugendliche.de\",\"description\":\"3HO Fachausbildung YogalehrerIn f\\u00fcr Kinder &amp; Jugendliche\",\"potentialAction\":[{\"@type\":\"SearchAction\",\"target\":\"http:\/\/yoga-ausbildung-kinder-jugendliche.de\/?s={search_term_string}\",\"query-input\":\"required name=search_term_string\"}],\"inLanguage\":\"de\"},{\"@type\":\"ImageObject\",\"@id\":\"http:\/\/yoga-ausbildung-kinder-jugendliche.de\/?page_id=17#primaryimage\",\"inLanguage\":\"de\",\"url\":\"http:\/\/yoga-ausbildung-kinder-jugendliche.de\/wp-content\/uploads\/2020\/07\/Christine.Kaliner2020_07_11_Meditation_97217.jpg\",\"width\":511,\"height\":768},{\"@type\":\"WebPage\",\"@id\":\"http:\/\/yoga-ausbildung-kinder-jugendliche.de\/?page_id=17#webpage\",\"url\":\"http:\/\/yoga-ausbildung-kinder-jugendliche.de\/?page_id=17\",\"name\":\"TEAM - http:\/\/yoga-ausbildung-kinder-jugendliche.de\",\"isPartOf\":{\"@id\":\"http:\/\/yoga-ausbildung-kinder-jugendliche.de\/#website\"},\"primaryImageOfPage\":{\"@id\":\"http:\/\/yoga-ausbildung-kinder-jugendliche.de\/?page_id=17#primaryimage\"},\"datePublished\":\"2016-07-19T17:19:17+00:00\",\"dateModified\":\"2020-07-20T08:44:44+00:00\",\"inLanguage\":\"de\",\"potentialAction\":[{\"@type\":\"ReadAction\",\"target\":[\"http:\/\/yoga-ausbildung-kinder-jugendliche.de\/?page_id=17\"]}]}]}<\/script>\n<!-- \/ Yoast SEO plugin. -->","_links":{"self":[{"href":"http:\/\/yoga-ausbildung-kinder-jugendliche.de\/index.php?rest_route=\/wp\/v2\/pages\/17"}],"collection":[{"href":"http:\/\/yoga-ausbildung-kinder-jugendliche.de\/index.php?rest_route=\/wp\/v2\/pages"}],"about":[{"href":"http:\/\/yoga-ausbildung-kinder-jugendliche.de\/index.php?rest_route=\/wp\/v2\/types\/page"}],"author":[{"embeddable":true,"href":"http:\/\/yoga-ausbildung-kinder-jugendliche.de\/index.php?rest_route=\/wp\/v2\/users\/1"}],"replies":[{"embeddable":true,"href":"http:\/\/yoga-ausbildung-kinder-jugendliche.de\/index.php?rest_route=%2Fwp%2Fv2%2Fcomments&post=17"}],"version-history":[{"count":43,"href":"http:\/\/yoga-ausbildung-kinder-jugendliche.de\/index.php?rest_route=\/wp\/v2\/pages\/17\/revisions"}],"predecessor-version":[{"id":1230,"href":"http:\/\/yoga-ausbildung-kinder-jugendliche.de\/index.php?rest_route=\/wp\/v2\/pages\/17\/revisions\/1230"}],"wp:attachment":[{"href":"http:\/\/yoga-ausbildung-kinder-jugendliche.de\/index.php?rest_route=%2Fwp%2Fv2%2Fmedia&parent=17"}],"curies":[{"name":"wp","href":"https:\/\/api.w.org\/{rel}","templated":true}]}}